{"id":6882,"date":"2023-09-07T17:23:51","date_gmt":"2023-09-07T15:23:51","guid":{"rendered":"https:\/\/ineuro.es\/formacion\/?post_type=product&#038;p=6882"},"modified":"2024-04-17T18:55:33","modified_gmt":"2024-04-17T16:55:33","slug":"diploma-de-especializacion-en-neuropsicologia-pediatrica-reserva-de-plaza","status":"publish","type":"product","link":"https:\/\/ineuro.es\/formacion\/producto\/diploma-de-especializacion-en-neuropsicologia-pediatrica-reserva-de-plaza\/","title":{"rendered":"Diploma de Especializaci\u00f3n en Neuropsicolog\u00eda Pedi\u00e1trica (reserva de plaza)"},"content":{"rendered":"","protected":false},"excerpt":{"rendered":"<p>Diploma de Especializaci\u00f3n en Neuropsicolog\u00eda Pedi\u00e1trica.<\/p>\n","protected":false},"featured_media":6883,"comment_status":"open","ping_status":"closed","template":"","meta":[],"product_brand":[],"product_cat":[15],"product_tag":[],"class_list":{"0":"post-6882","1":"product","2":"type-product","3":"status-publish","4":"has-post-thumbnail","6":"product_cat-neurorrehabilitacion","8":"first","9":"outofstock","10":"virtual","11":"sold-individually","12":"purchasable","13":"product-type-simple"},"publishpress_future_action":{"enabled":false,"date":"2026-04-23 19:18:10","action":"change-status","newStatus":"draft","terms":[],"taxonomy":"product_cat","extraData":[]},"publishpress_future_workflow_manual_trigger":{"enabledWorkflows":[]},"_links":{"self":[{"href":"https:\/\/ineuro.es\/formacion\/wp-json\/wp\/v2\/product\/6882","targetHints":{"allow":["GET"]}}],"collection":[{"href":"https:\/\/ineuro.es\/formacion\/wp-json\/wp\/v2\/product"}],"about":[{"href":"https:\/\/ineuro.es\/formacion\/wp-json\/wp\/v2\/types\/product"}],"replies":[{"embeddable":true,"href":"https:\/\/ineuro.es\/formacion\/wp-json\/wp\/v2\/comments?post=6882"}],"wp:featuredmedia":[{"embeddable":true,"href":"https:\/\/ineuro.es\/formacion\/wp-json\/wp\/v2\/media\/6883"}],"wp:attachment":[{"href":"https:\/\/ineuro.es\/formacion\/wp-json\/wp\/v2\/media?parent=6882"}],"wp:term":[{"taxonomy":"product_brand","embeddable":true,"href":"https:\/\/ineuro.es\/formacion\/wp-json\/wp\/v2\/product_brand?post=6882"},{"taxonomy":"product_cat","embeddable":true,"href":"https:\/\/ineuro.es\/formacion\/wp-json\/wp\/v2\/product_cat?post=6882"},{"taxonomy":"product_tag","embeddable":true,"href":"https:\/\/ineuro.es\/formacion\/wp-json\/wp\/v2\/product_tag?post=6882"}],"curies":[{"name":"wp","href":"https:\/\/api.w.org\/{rel}","templated":true}]}}