{"id":7848,"date":"2024-10-31T00:59:06","date_gmt":"2024-10-30T23:59:06","guid":{"rendered":"https:\/\/ineuro.es\/formacion\/?post_type=product&#038;p=7848"},"modified":"2026-01-12T01:51:06","modified_gmt":"2026-01-12T00:51:06","slug":"libro-clasificacion-diagnostica-en-neuropsicologia-nef-2025","status":"publish","type":"product","link":"https:\/\/ineuro.es\/formacion\/producto\/libro-clasificacion-diagnostica-en-neuropsicologia-nef-2025\/","title":{"rendered":"LIBRO: Clasificaci\u00f3n Diagn\u00f3stica en Neuropsicolog\u00eda NEF 2025 (Parte 1)"},"content":{"rendered":"<p>Esta es la \u00fanica <strong>Clasificaci\u00f3n Diagn\u00f3stica en Neuropsicolog\u00eda.<\/strong> Es una clasificaci\u00f3n propia y con una codificaci\u00f3n espec\u00edfica, con una base de datos que permite seguir la evoluci\u00f3n cl\u00ednica y la gravedad de dichas alteraciones.<\/p>\n","protected":false},"excerpt":{"rendered":"<p>Esta primera parte de la clasificaci\u00f3n incluye toda la clasificaci\u00f3n completa salvo los criterio diagn\u00f3sticos, que van en la parte 2.<\/p>\n<p><strong>ISBN<\/strong>: 978-84-121006-1-7<\/p>\n<p><strong>Autor<\/strong>: Pablo Duque<\/p>\n<p><strong>Edici\u00f3n<\/strong>: 1\u00aa edici\u00f3n<\/p>\n","protected":false},"featured_media":7849,"comment_status":"open","ping_status":"closed","template":"","meta":[],"product_brand":[],"product_cat":[413],"product_tag":[],"class_list":{"0":"post-7848","1":"product","2":"type-product","3":"status-publish","4":"has-post-thumbnail","6":"product_cat-neuropsicologia","8":"first","9":"instock","10":"virtual","11":"purchasable","12":"product-type-simple"},"publishpress_future_action":{"enabled":false,"date":"2026-05-03 13:07:39","action":"change-status","newStatus":"draft","terms":[],"taxonomy":"product_cat","extraData":[]},"publishpress_future_workflow_manual_trigger":{"enabledWorkflows":[]},"_links":{"self":[{"href":"https:\/\/ineuro.es\/formacion\/wp-json\/wp\/v2\/product\/7848","targetHints":{"allow":["GET"]}}],"collection":[{"href":"https:\/\/ineuro.es\/formacion\/wp-json\/wp\/v2\/product"}],"about":[{"href":"https:\/\/ineuro.es\/formacion\/wp-json\/wp\/v2\/types\/product"}],"replies":[{"embeddable":true,"href":"https:\/\/ineuro.es\/formacion\/wp-json\/wp\/v2\/comments?post=7848"}],"wp:featuredmedia":[{"embeddable":true,"href":"https:\/\/ineuro.es\/formacion\/wp-json\/wp\/v2\/media\/7849"}],"wp:attachment":[{"href":"https:\/\/ineuro.es\/formacion\/wp-json\/wp\/v2\/media?parent=7848"}],"wp:term":[{"taxonomy":"product_brand","embeddable":true,"href":"https:\/\/ineuro.es\/formacion\/wp-json\/wp\/v2\/product_brand?post=7848"},{"taxonomy":"product_cat","embeddable":true,"href":"https:\/\/ineuro.es\/formacion\/wp-json\/wp\/v2\/product_cat?post=7848"},{"taxonomy":"product_tag","embeddable":true,"href":"https:\/\/ineuro.es\/formacion\/wp-json\/wp\/v2\/product_tag?post=7848"}],"curies":[{"name":"wp","href":"https:\/\/api.w.org\/{rel}","templated":true}]}}