{"id":8167,"date":"2025-05-02T22:38:06","date_gmt":"2025-05-02T20:38:06","guid":{"rendered":"https:\/\/ineuro.es\/formacion\/?post_type=product&#038;p=8167"},"modified":"2025-06-01T00:04:56","modified_gmt":"2025-05-31T22:04:56","slug":"libro-como-hacer-un-informe-neuropsicologico-2a-edicion","status":"publish","type":"product","link":"https:\/\/ineuro.es\/formacion\/producto\/libro-como-hacer-un-informe-neuropsicologico-2a-edicion\/","title":{"rendered":"LIBRO: C\u00f3mo hacer un informe neuropsicol\u00f3gico, 2\u00aa edici\u00f3n"},"content":{"rendered":"<p>Finalizada la primera edici\u00f3n del libro, la segunda edici\u00f3n estar\u00e1 disponible a partir del 1 de junio de 2025. Se puede comprar el mayo de 2025 a un precio reducido de 7 euros; a partir del 1 de junio el coste ser\u00e1 de 10 euros.<\/p>\n<p>En <span style=\"color: #0000ff;\"><a style=\"color: #0000ff;\" href=\"https:\/\/ineuro.es\/segunda-edicion-del-libro-como-hacer-un-informe-neuropsicologico\/\"><strong>este enlace<\/strong><\/a><\/span> tiene toda la informaci\u00f3n del libro.<\/p>\n","protected":false},"excerpt":{"rendered":"<p>Finalizada la primera edici\u00f3n del libro, la segunda edici\u00f3n estar\u00e1 disponible a partir del 1 de junio de 2025. Se puede comprar el mayo de 2025 a un precio reducido de 7 euros; a partir del 1 de junio el coste ser\u00e1 de 10 euros.<\/p>\n<p>En <a href=\"https:\/\/ineuro.es\/segunda-edicion-del-libro-como-hacer-un-informe-neuropsicologico\/\"><strong>este enlace<\/strong><\/a> tiene toda la informaci\u00f3n del libro.<\/p>\n<p>Una vez haga la compra, los pasos a seguir ser\u00e1n los siguientes:<\/p>\n<ul>\n<li>Recibiremos el pedido.<\/li>\n<li>Le escribiremos un correo electr\u00f3nico desde editorial@ineuro.es en un m\u00e1ximo de 24 horas.<\/li>\n<li>Le daremos instrucciones para poder entrar en la editorial de ineuro y activar el libro.<\/li>\n<\/ul>\n","protected":false},"featured_media":7852,"comment_status":"open","ping_status":"closed","template":"","meta":[],"product_brand":[],"product_cat":[413],"product_tag":[],"class_list":{"0":"post-8167","1":"product","2":"type-product","3":"status-publish","4":"has-post-thumbnail","6":"product_cat-neuropsicologia","8":"first","9":"instock","10":"virtual","11":"taxable","12":"purchasable","13":"product-type-simple"},"publishpress_future_action":{"enabled":false,"date":"2026-05-20 22:35:40","action":"change-status","newStatus":"draft","terms":[],"taxonomy":"product_cat","extraData":[]},"publishpress_future_workflow_manual_trigger":{"enabledWorkflows":[]},"_links":{"self":[{"href":"https:\/\/ineuro.es\/formacion\/wp-json\/wp\/v2\/product\/8167","targetHints":{"allow":["GET"]}}],"collection":[{"href":"https:\/\/ineuro.es\/formacion\/wp-json\/wp\/v2\/product"}],"about":[{"href":"https:\/\/ineuro.es\/formacion\/wp-json\/wp\/v2\/types\/product"}],"replies":[{"embeddable":true,"href":"https:\/\/ineuro.es\/formacion\/wp-json\/wp\/v2\/comments?post=8167"}],"wp:featuredmedia":[{"embeddable":true,"href":"https:\/\/ineuro.es\/formacion\/wp-json\/wp\/v2\/media\/7852"}],"wp:attachment":[{"href":"https:\/\/ineuro.es\/formacion\/wp-json\/wp\/v2\/media?parent=8167"}],"wp:term":[{"taxonomy":"product_brand","embeddable":true,"href":"https:\/\/ineuro.es\/formacion\/wp-json\/wp\/v2\/product_brand?post=8167"},{"taxonomy":"product_cat","embeddable":true,"href":"https:\/\/ineuro.es\/formacion\/wp-json\/wp\/v2\/product_cat?post=8167"},{"taxonomy":"product_tag","embeddable":true,"href":"https:\/\/ineuro.es\/formacion\/wp-json\/wp\/v2\/product_tag?post=8167"}],"curies":[{"name":"wp","href":"https:\/\/api.w.org\/{rel}","templated":true}]}}