{"id":8645,"date":"2025-12-09T23:42:45","date_gmt":"2025-12-09T22:42:45","guid":{"rendered":"https:\/\/ineuro.es\/formacion\/?post_type=product&#038;p=8645"},"modified":"2025-12-09T23:43:21","modified_gmt":"2025-12-09T22:43:21","slug":"formacion-en-neuropsicologia-funcional-4a-edicion-2-itinerarios-reserva-de-plaza","status":"publish","type":"product","link":"https:\/\/ineuro.es\/formacion\/producto\/formacion-en-neuropsicologia-funcional-4a-edicion-2-itinerarios-reserva-de-plaza\/","title":{"rendered":"Formaci\u00f3n en Neuropsicolog\u00eda Funcional, 4\u00aa edici\u00f3n (2 itinerarios; reserva de plaza)"},"content":{"rendered":"<p>Puede acceder a la informaci\u00f3n de esta formaci\u00f3n en <a href=\"https:\/\/ineuro.es\/formacion-en-neuropsicologia-funcional-4a-edicion-2026-2027\/\"><strong>este enlace<\/strong><\/a>.<\/p>\n","protected":false},"excerpt":{"rendered":"<p>Puede acceder a la informaci\u00f3n de esta formaci\u00f3n en <a href=\"https:\/\/ineuro.es\/formacion-en-neuropsicologia-funcional-4a-edicion-2026-2027\/\"><strong>este enlace<\/strong><\/a>.<\/p>\n<p><strong>Inicio:<\/strong> 17 de octubre de 2026<\/p>\n<p><strong>Docente principal:<\/strong> Pablo Duque. Neuropsic\u00f3logo.<\/p>\n","protected":false},"featured_media":8367,"comment_status":"open","ping_status":"closed","template":"","meta":[],"product_brand":[],"product_cat":[527,567,413,15,550],"product_tag":[],"class_list":{"0":"post-8645","1":"product","2":"type-product","3":"status-publish","4":"has-post-thumbnail","6":"product_cat-neurofisioterapia","7":"product_cat-neurologopedia","8":"product_cat-neuropsicologia","9":"product_cat-neurorrehabilitacion","10":"product_cat-terapia-ocupacional","12":"first","13":"instock","14":"virtual","15":"purchasable","16":"product-type-simple"},"publishpress_future_action":{"enabled":false,"date":"2026-04-23 00:50:14","action":"change-status","newStatus":"draft","terms":[],"taxonomy":"product_cat","extraData":[]},"publishpress_future_workflow_manual_trigger":{"enabledWorkflows":[]},"_links":{"self":[{"href":"https:\/\/ineuro.es\/formacion\/wp-json\/wp\/v2\/product\/8645","targetHints":{"allow":["GET"]}}],"collection":[{"href":"https:\/\/ineuro.es\/formacion\/wp-json\/wp\/v2\/product"}],"about":[{"href":"https:\/\/ineuro.es\/formacion\/wp-json\/wp\/v2\/types\/product"}],"replies":[{"embeddable":true,"href":"https:\/\/ineuro.es\/formacion\/wp-json\/wp\/v2\/comments?post=8645"}],"wp:featuredmedia":[{"embeddable":true,"href":"https:\/\/ineuro.es\/formacion\/wp-json\/wp\/v2\/media\/8367"}],"wp:attachment":[{"href":"https:\/\/ineuro.es\/formacion\/wp-json\/wp\/v2\/media?parent=8645"}],"wp:term":[{"taxonomy":"product_brand","embeddable":true,"href":"https:\/\/ineuro.es\/formacion\/wp-json\/wp\/v2\/product_brand?post=8645"},{"taxonomy":"product_cat","embeddable":true,"href":"https:\/\/ineuro.es\/formacion\/wp-json\/wp\/v2\/product_cat?post=8645"},{"taxonomy":"product_tag","embeddable":true,"href":"https:\/\/ineuro.es\/formacion\/wp-json\/wp\/v2\/product_tag?post=8645"}],"curies":[{"name":"wp","href":"https:\/\/api.w.org\/{rel}","templated":true}]}}