{"id":8930,"date":"2026-04-13T22:37:59","date_gmt":"2026-04-13T20:37:59","guid":{"rendered":"https:\/\/ineuro.es\/formacion\/?post_type=product&#038;p=8930"},"modified":"2026-04-13T22:39:38","modified_gmt":"2026-04-13T20:39:38","slug":"neuropsicologia-dia-a-dia","status":"publish","type":"product","link":"https:\/\/ineuro.es\/formacion\/producto\/neuropsicologia-dia-a-dia\/","title":{"rendered":"Neuropsicolog\u00eda en la cl\u00ednica del d\u00eda a d\u00eda"},"content":{"rendered":"<p>En <span style=\"color: #339966;\"><a style=\"color: #339966;\" href=\"https:\/\/ineuro.es\/formacion-neuropsicologia-util-para-la-clinica-del-dia-a-dia\/\"><strong>este enlace<\/strong><\/a><\/span> tiene toda la informaci\u00f3n.<\/p>\n","protected":false},"excerpt":{"rendered":"<p>En <span style=\"color: #339966;\"><a style=\"color: #339966;\" href=\"https:\/\/ineuro.es\/formacion-neuropsicologia-util-para-la-clinica-del-dia-a-dia\/\"><strong>este enlace<\/strong><\/a><\/span> tiene toda la informaci\u00f3n.<\/p>\n<p><strong>9 y 10 de mayo de 2026<\/strong><\/p>\n<p>Por streaming.<\/p>\n","protected":false},"featured_media":8931,"comment_status":"open","ping_status":"closed","template":"","meta":[],"product_brand":[],"product_cat":[413],"product_tag":[],"class_list":{"0":"post-8930","1":"product","2":"type-product","3":"status-publish","4":"has-post-thumbnail","6":"product_cat-neuropsicologia","8":"first","9":"instock","10":"virtual","11":"purchasable","12":"product-type-simple"},"publishpress_future_action":{"enabled":false,"date":"2026-04-23 02:08:57","action":"change-status","newStatus":"draft","terms":[],"taxonomy":"product_cat","extraData":[]},"publishpress_future_workflow_manual_trigger":{"enabledWorkflows":[]},"_links":{"self":[{"href":"https:\/\/ineuro.es\/formacion\/wp-json\/wp\/v2\/product\/8930","targetHints":{"allow":["GET"]}}],"collection":[{"href":"https:\/\/ineuro.es\/formacion\/wp-json\/wp\/v2\/product"}],"about":[{"href":"https:\/\/ineuro.es\/formacion\/wp-json\/wp\/v2\/types\/product"}],"replies":[{"embeddable":true,"href":"https:\/\/ineuro.es\/formacion\/wp-json\/wp\/v2\/comments?post=8930"}],"wp:featuredmedia":[{"embeddable":true,"href":"https:\/\/ineuro.es\/formacion\/wp-json\/wp\/v2\/media\/8931"}],"wp:attachment":[{"href":"https:\/\/ineuro.es\/formacion\/wp-json\/wp\/v2\/media?parent=8930"}],"wp:term":[{"taxonomy":"product_brand","embeddable":true,"href":"https:\/\/ineuro.es\/formacion\/wp-json\/wp\/v2\/product_brand?post=8930"},{"taxonomy":"product_cat","embeddable":true,"href":"https:\/\/ineuro.es\/formacion\/wp-json\/wp\/v2\/product_cat?post=8930"},{"taxonomy":"product_tag","embeddable":true,"href":"https:\/\/ineuro.es\/formacion\/wp-json\/wp\/v2\/product_tag?post=8930"}],"curies":[{"name":"wp","href":"https:\/\/api.w.org\/{rel}","templated":true}]}}